 2, what is 1111010110 + 1100?
1111100010
In base 6, what is 54130 - -3?
54133
In base 16, what is 299 + -cea?
-a51
In base 7, what is -1402 - -4164?
2462
In base 6, what is 5 + 21500222?
21500231
In base 5, what is -331 + 113?
-213
In base 13, what is -17227 - 4a?
-17274
In base 5, what is -101312420 + -10?
-101312430
In base 9, what is -5 - 216524?
-216530
In base 11, what is 48 + -7327?
-728a
In base 10, what is -7294 - 44?
-7338
In base 10, what is -13333 - -3?
-13330
In base 3, what is -1110 + -222021002?
-222022112
In base 2, what is 11000101001000000111110 + -101?
11000101001000000111001
In base 3, what is 1022202211 - 12?
1022202122
In base 11, what is -6322 + 5?
-6318
In base 3, what is 200120 + -120220?
2200
In base 2, what is -101011101 - 110111?
-110010100
In base 12, what is 99767 - -7?
99772
In base 14, what is 55c - 22?
53a
In base 15, what is -1905 - 8?
-190d
In base 3, what is -2120001200120 - 10?
-2120001200200
In base 8, what is 113332 + -1?
113331
In base 13, what is 113 - 18?
c8
In base 2, what is -10111101100111 + 10?
-10111101100101
In base 9, what is 35087 - 121?
34866
In base 9, what is 4162 + 3?
4165
In base 9, what is -104 + -830?
-1034
In base 5, what is -32013 - 4024?
-41042
In base 16, what is 225 - -1?
226
In base 12, what is 1 + 3837ba?
3837bb
In base 2, what is 1000011 + -101011011110?
-101010011011
In base 7, what is -44 + -6603?
-6650
In base 10, what is 1822349 + 0?
1822349
In base 7, what is 1133666 + -4?
1133662
In base 5, what is -404 + -103044?
-104003
In base 2, what is -10101100001 - -101111100?
-1111100101
In base 15, what is -14c0 + -4?
-14c4
In base 7, what is 1 + 32630?
32631
In base 8, what is -742 + -5331?
-6273
In base 2, what is 10111001 + 1101011100?
10000010101
In base 4, what is -30121 - -1020?
-23101
In base 6, what is 1245423 + 1?
1245424
In base 9, what is -38306 + 5?
-38301
In base 6, what is -42030 - 240?
-42310
In base 3, what is 10122001 + -1012?
10120212
In base 11, what is 1 - 7647?
-7646
In base 14, what is dc - -4d?
14b
In base 8, what is -3 - -420640?
420635
In base 7, what is 2643 + 415?
3361
In base 12, what is -45 + -122a5?
-1232a
In base 9, what is 56816 - -1?
56817
In base 4, what is 1132201 + -12?
1132123
In base 14, what is -82c7 + 26?
-82a1
In base 2, what is -111011000001011 + 1001?
-111011000000010
In base 4, what is -1322233 + -3?
-1322302
In base 12, what is -52b36 - -2?
-52b34
In base 4, what is -211 + -131312?
-132123
In base 8, what is 777 + 13042?
14041
In base 11, what is -256 + 24a?
-7
In base 10, what is -301358 - -3?
-301355
In base 6, what is -214401 - -131?
-214230
In base 7, what is -45032 - 2?
-45034
In base 13, what is -2c142 + -15?
-2c157
In base 9, what is -1 - -86651?
86650
In base 10, what is 676 - -88?
764
In base 7, what is 3 + 520222?
520225
In base 9, what is -388132 + 0?
-388132
In base 3, what is -10001 - 20202?
-100210
In base 13, what is 203 + 388?
58b
In base 15, what is -b5 + 1?
-b4
In base 5, what is -2040 - 3430?
-11020
In base 4, what is 20 - -1231223330?
1231230010
In base 13, what is -640 + 980?
340
In base 14, what is -8c - 848?
-8d6
In base 7, what is 125644 + 5?
125652
In base 6, what is 11412 - 233?
11135
In base 12, what is 1105 - -416?
151b
In base 9, what is -711 + -2182?
-3003
In base 8, what is -176 - 463?
-661
In base 10, what is -26 + 69509?
69483
In base 6, what is 2053 + -524?
1125
In base 4, what is -13 + 112001221?
112001202
In base 8, what is -1212 - -2074?
662
In base 6, what is 0 - 414444?
-414444
In base 16, what is 72 + -35?
3d
In base 10, what is -218665 + 5?
-218660
In base 3, what is 1120021 + 121?
1120212
In base 2, what is -100 + 11100100110010010010?
11100100110010001110
In base 5, what is 23323 - 131?
23142
In base 5, what is 23011200 - -10?
23011210
In base 2, what is -11000101011 - -11011101?
-10101001110
In base 3, what is 102110112222 - -10?
102110120002
In base 3, what is 2011110 - 22?
2011011
In base 8, what is 1 + -26220?
-26217
In base 3, what is -21111221 + 200?
-21111021
In base 16, what is feb + -12?
fd9
In base 14, what is 256c - -a9?
2637
In base 16, what is a - -330c?
3316
In base 6, what is -25 - -5252?
5223
In base 16, what is -2 - -1a3ec?
1a3ea
In base 12, what is 31 + -a371?
-a340
In base 3, what is -10 - 11001121?
-11001201
In base 2, what is -10010 - 1011011110100?
-1011100000110
In base 14, what is -7257c8 + 0?
-7257c8
In base 3, what is 21120 - 100202?
-2012
In base 13, what is -2 + 6067?
6065
In base 15, what is 54 + 0?
54
In base 9, what is 8257 - -202?
8460
In base 10, what is 0 + -55876?
-55876
In base 8, what is 245515 - 4?
245511
In base 8, what is 32 - -6014?
6046
In base 16, what is 30503 + -4?
304ff
In base 10, what is 3051 - -3?
3054
In base 6, what is -11421 + 141?
-11240
In base 7, what is -163 - -3431?
3235
In base 3, what is 100 - -11102020?
11102120
In base 5, what is 223 + -10321?
-10043
In base 11, what is 24a32 + 5?
24a37
In base 2, what is 111110010010 + 100?
111110010110
In base 2, what is -10000000010 - 101100100011?
-111100100101
In base 8, what is 22627 - -33?
22662
In base 16, what is -a3b + -dd?
-b18
In base 5, what is 1423 + 211?
2134
In base 7, what is -5366 - 13205?
-21604
In base 16, what is a + -27f1?
-27e7
In base 7, what is -4 + -201163?
-201200
In base 11, what is 93851 + -1?
93850
In base 12, what is 4208 + -7?
4201
In base 16, what is 311 + -31?
2e0
In base 16, what is -12b0 - 1b5?
-1465
In base 16, what is -4a39 + 0?
-4a39
In base 6, what is 115025 - -5?
115034
In base 15, what is -5be3 + -d?
-5c01
In base 5, what is -2231 + -13441?
-21222
In base 12, what is 2 - -3a5?
3a7
In base 9, what is 1341 + 5?
1346
In base 13, what is -1b0 - 17a2?
-1982
In base 5, what is 4334024 + 2?
4334031
In base 7, what is 210 - 216?
-6
In base 4, what is -101013 + 102?
-100311
In base 16, what is -49ce - 2b?
-49f9
In base 16, what is -6319 + 43?
-62d6
In base 4, what is 121 - 32033?
-31312
In base 6, what is -2454 - 11?
-2505
In base 10, what is 39084 - 4?
39080
In base 4, what is 1032 - 22132?
-21100
In base 3, what is -100 - -21020011?
21012211
In base 12, what is -3b41 + 3?
-3b3a
In base 9, what is -2321708 - 1?
-2321710
In base 3, what is -112 + 1010112210?
1010112021
In base 13, what is 709c + 3?
70a2
In base 6, what is -54431 - 30?
-54501
In base 3, what is 112110222 - -2021?
112120020
In base 2, what is 1011110111 + 11110101001?
101010100000
In base 7, what is -3 - 155634?
-155640
In base 15, what is -7 - -3697?
3690
In base 14, what is -1 - -5431?
5430
In base 3, what is 10111022120022 + 10?
10111022120102
In base 14, what is 6299 + 131?
63ca
In base 4, what is 20333 + 1000?
21333
In base 3, what is 220 - 121001100?
-121000110
In base 8, what is 2151671 + -2?
2151667
In base 8, what is 1365621 + 0?
1365621
In base 16, what is -36 + 41?
b
In base 11, what is -91a3 + -10?
-9203
In base 5, what is 1413 + -331430?
-330012
In base 8, what is 737 - 1053?
-114
In base 5, what is 133314443 + 3?
133320001
In base 4, what is 10 + -31320201?
-31320131
In base 13, what is 35 + -331b?
-32b6
In base 7, what is -100046 + 3?
-100043
In base 2, what is -10001100110 - 1001110111?
-11011011101
In base 14, what is -24cbc1 + -3?
-24cbc4
In base 5, what is -233210224 + 1?
-233210223
In base 8, what is -2 + 447140?
447136
In base 8, what is -6 - -307?
301
In base 8, what is 10106 - -276?
10404
In base 11, what is -5 - a39a?
-a3a4
In base 14, what is -3 - -1b4544?
1b4541
In base 14, what is b86c + 4?
b872
In base 11, what is -176509 - -4?
-176505
In base 2, what is 10001010000011000111 - 100?
10001010000011000011
In base 4, what is 323 - -10223230?
10230213
In base 9, what is 0 - 30776?
-30776
In base 16, what is 3 + -d3e0?
-d3dd
In base 13, what is 0 - 7b31c?
-7b31c
In base 12, what is -6b947 - 1?
-6b948
In base 2, what is 101 - -1000111011?
1001000000
In base 7, what is 45546 - 0?
45546
In base 10, what is 276 - 120?
156
In base 7, what is 1 + -54255?
-54254
In base 7, what is 3151 - -2104?
5255
In base 12, what is -36 - -37?
1
In base 9, what is -1 - 35137?
-35138
In base 11, what is 1786 - -12?
1798
In base 11, what is 155 + 36?
190
In base 16, what is -36 - -5a?
24
In base 4, what is 3 - -1030210?
1030213
In base 11, what is 25 - -292?
307
In base 9, what is 24003 - 7?
23885
In 